
17
What is the remainder when 353976 is divided by 353901?
75
Calculate the remainder when 3154111306 is divided by 109.
106
Calculate the remainder when 29069 is divided by 4836.
53
Calculate the remainder when 908898 is divided by 29.
9
What is the remainder when 171177 is divided by 383?
359
What is the remainder when 1794271 is divided by 57877?
84
What is the remainder when 903738 is divided by 7543?
6121
What is the remainder when 53310 is divided by 2566?
1990
Calculate the remainder when 27107133 is divided by 324.
321
Calculate the remainder when 13356295 is divided by 929.
62
What is the remainder when 103225622 is divided by 4132?
4130
Calculate the remainder when 29992785 is divided by 4998797.
3
What is the remainder when 5841461 is divided by 77?
10
Calculate the remainder when 1504967 is divided by 8269.
9
What is the remainder when 451605 is divided by 75243?
147
What is the remainder when 381361 is divided by 240?
1
Calculate the remainder when 19769667 is divided by 91.
8
What is the remainder when 597167 is divided by 597166?
1
Calculate the remainder when 8330604 is divided by 7.
2
Calculate the remainder when 62348 is divided by 210.
188
What is the remainder when 1236999 is divided by 410131?
6606
What is the remainder when 6022880 is divided by 449?
443
Calculate the remainder when 151564 is divided by 360.
4
Calculate the remainder when 876878 is divided by 876575.
303
What is the remainder when 455108 is divided by 18113?
2283
Calculate the remainder when 9026483 is divided by 60580.
63
Calculate the remainder when 4887 is divided by 3300.
1587
Calculate the remainder when 127705 is divided by 129.
124
Calculate the remainder when 183638 is divided by 6118.
98
Calculate the remainder when 15754 is divided by 2018.
1628
What is the remainder when 2868135 is divided by 55156?
23
What is the remainder when 16087997 is divided by 9262?
9165
Calculate the remainder when 154923 is divided by 1064.
643
What is the remainder when 1214825 is divided by 44?
29
What is the remainder when 168617 is divided by 41928?
905
What is the remainder when 45014 is divided by 3920?
1894
What is the remainder when 221377646 is divided by 535?
531
What is the remainder when 731483 is divided by 2?
1
Calculate the remainder when 1274128 is divided by 715.
713
Calculate the remainder when 3037606 is divided by 41.
39
What is the remainder when 189356 is divided by 2052?
572
Calculate the remainder when 1913147 is divided by 1912888.
259
Calculate the remainder when 145940 is divided by 72854.
232
What is the remainder when 483096 is divided by 2893?
2858
What is the remainder when 1894914 is divided by 846?
720
What is the remainder when 352189 is divided by 1726?
85
What is the remainder when 10747738 is divided by 438?
94
Calculate the remainder when 4002860 is divided by 285896.
316
Calculate the remainder when 1079642987 is divided by 365.
362
Calculate the remainder when 93041451 is divided by 11.
8
What is the remainder when 529751 is divided by 5939?
1180
Calculate the remainder when 385438 is divided by 2260.
1238
What is the remainder when 5504930 is divided by 262139?
11
What is the remainder when 188825 is divided by 21?
14
What is the remainder when 9202175 is divided by 61?
20
What is the remainder when 1915197 is divided by 4032?
4029
What is the remainder when 3019301 is divided by 232253?
12
Calculate the remainder when 14273794 is divided by 110.
84
What is the remainder when 5534615 is divided by 14?
9
What is the remainder when 61435 is divided by 4124?
3699
What is the remainder when 1276630 is divided by 55494?
268
Calculate the remainder when 1588966 is divided by 51.
10
Calculate the remainder when 443550 is divided by 8368.
46
Calculate the remainder when 570110 is divided by 193.
181
Calculate the remainder when 373847 is divided by 5418.
5
What is the remainder when 1969390 is divided by 984689?
12
What is the remainder when 706840 is divided by 1182?
4
What is the remainder when 115218 is divided by 1937?
935
What is the remainder when 153662 is divided by 74227?
5208
Calculate the remainder when 15647484 is divided by 45.
39
What is the remainder when 1130268 is divided by 622?
94
Calculate the remainder when 99392971 is divided by 21.
13
What is the remainder when 148788 is divided by 197?
53
Calculate the remainder when 102404562 is divided by 4872.
4866
Calculate the remainder when 191992 is divided by 17.
11
What is the remainder when 5306326 is divided by 289?
286
Calculate the remainder when 670144 is divided by 212.
12
Calculate the remainder when 328691 is divided by 437.
67
Calculate the remainder when 19475735 is divided by 455.
370
What is the remainder when 431966 is divided by 2939?
2872
Calculate the remainder when 792916 is divided by 85.
36
What is the remainder when 18541844 is divided by 45?
44
What is the remainder when 696169 is divided by 330?
199
What is the remainder when 3828979 is divided by 1692?
1675
Calculate the remainder when 4532 is divided by 1782.
968
What is the remainder when 415758 is divided by 205?
18
What is the remainder when 20565 is divided by 10217?
131
What is the remainder when 170929 is divided by 57?
43
What is the remainder when 287842 is divided by 20560?
2
What is the remainder when 109322736 is divided by 10932270?
36
What is the remainder when 5460947 is divided by 98?
93
Calculate the remainder when 3847278 is divided by 226304.
110
What is the remainder when 564085 is divided by 485?
30
Calculate the remainder when 131377 is divided by 26270.
27
What is the remainder when 5890686 is divided by 83?
10
Calculate the remainder when 10645248 is divided by 34.
18
What is the remainder when 340596 is divided by 1808?
692
Calculate the remainder when 12725 is divided by 9799.
2926
Calculate the remainder when 5103812 is divided by 15704.
12
Calculate the remainder when 197190 is divided by 20.
10
Calculate the remainder when 2159797 is divided by 21.
10
Calculate the remainder when 11673250 is divided by 213.
211
Calculate the remainder when 74720536 is divided by 455.
436
What is the remainder when 1496605 is divided by 1463?
1419
Calculate the remainder when 334824 is divided by 142.
130
Calculate the remainder when 37644 is divided by 34962.
2682
What is the remainder when 4555 is divided by 4419?
136
What is the remainder when 181942 is divided by 110?
2
What is the remainder when 1088319 is divided by 316?
15
Calculate the remainder when 10917150 is divided by 2223.
2220
Calculate the remainder when 985074 is divided by 25258.
12
What is the remainder when 883900 is divided by 883449?
451
Calculate the remainder when 269519 is divided by 268996.
523
What is the remainder when 1213159063 is divided by 44?
39
Calculate the remainder when 6907037 is divided by 3762.
5
What is the remainder when 298330 is divided by 6192?
1114
What is the remainder when 61104778 is divided by 220?
218
What is the remainder when 13164345 is divided by 254?
33
Calculate the remainder when 38215123 is divided by 845.
843
What is the remainder when 247154 is divided by 207?
203
What is the remainder when 1302281 is divided by 8977?
616
Calculate the remainder when 6382909 is divided by 911833.
78
What is the remainder when 342595 is divided by 1105?
45
Calculate the remainder when 2425613622 is divided by 285.
282
Calculate the remainder when 17174776 is divided by 248.
32
Calculate the remainder when 494780 is divided by 164315.
1835
Calculate the remainder when 2288795 is divided by 381458.
47
Calculate the remainder when 2235433 is divided by 223504.
393
Calculate the remainder when 1055502 is divided by 221.
6
What is the remainder when 56600 is divided by 4179?
2273
What is the remainder when 722785 is divided by 245?
35
What is the remainder when 456789712 is divided by 37?
33
Calculate the remainder when 11630997 is divided by 619.
606
What is the remainder when 4182444 is divided by 6879?
12
Calculate the remainder when 155791435 is divided by 633.
7
Calculate the remainder when 3503740 is divided by 441.
436
Calculate the remainder when 171035 is divided by 2191.
137
What is the remainder when 737694 is divided by 166?
156
Calculate the remainder when 25113 is divided by 1141